{"id":1897,"date":"2024-10-17T09:34:37","date_gmt":"2024-10-17T09:34:37","guid":{"rendered":"https:\/\/svitrigailosklinika.lt\/?page_id=1897"},"modified":"2024-10-18T15:25:07","modified_gmt":"2024-10-18T15:25:07","slug":"budintis-odontologas-vilniuje","status":"publish","type":"page","link":"https:\/\/svitrigailosklinika.lt\/index.php\/budintis-odontologas-vilniuje\/","title":{"rendered":"Budintis odontologas Vilniuje"},"content":{"rendered":"\t\t<div data-elementor-type=\"wp-page\" data-elementor-id=\"1897\" class=\"elementor elementor-1897\">\n\t\t\t\t<div class=\"elementor-element elementor-element-e26f629 e-flex e-con-boxed e-con e-parent\" data-id=\"e26f629\" data-element_type=\"container\" data-settings=\"{&quot;background_background&quot;:&quot;classic&quot;}\">\n\t\t\t\t\t<div class=\"e-con-inner\">\n\t\t<div class=\"elementor-element elementor-element-706881a e-con-full e-flex e-con e-child\" data-id=\"706881a\" data-element_type=\"container\">\n\t\t\t\t<div class=\"elementor-element elementor-element-7699ce8 elementor-widget elementor-widget-heading\" data-id=\"7699ce8\" data-element_type=\"widget\" data-widget_type=\"heading.default\">\n\t\t\t\t<div class=\"elementor-widget-container\">\n\t\t\t\t\t<h2 class=\"elementor-heading-title elementor-size-default\">BUDINTIS ODONTOLOGAS VILNIUJE<\/h2>\t\t\t\t<\/div>\n\t\t\t\t<\/div>\n\t\t\t\t<\/div>\n\t\t\t\t\t<\/div>\n\t\t\t\t<\/div>\n\t\t<div class=\"elementor-element elementor-element-7fe1112 e-flex e-con-boxed e-con e-parent\" data-id=\"7fe1112\" data-element_type=\"container\" data-settings=\"{&quot;background_background&quot;:&quot;classic&quot;}\">\n\t\t\t\t\t<div class=\"e-con-inner\">\n\t\t\t\t<div class=\"elementor-element elementor-element-914b957 elementor-widget elementor-widget-spacer\" data-id=\"914b957\" data-element_type=\"widget\" data-widget_type=\"spacer.default\">\n\t\t\t\t<div class=\"elementor-widget-container\">\n\t\t\t\t\t\t\t<div class=\"elementor-spacer\">\n\t\t\t<div class=\"elementor-spacer-inner\"><\/div>\n\t\t<\/div>\n\t\t\t\t\t\t<\/div>\n\t\t\t\t<\/div>\n\t\t\t\t<div class=\"elementor-element elementor-element-0f36ed7 elementor-widget elementor-widget-button\" data-id=\"0f36ed7\" data-element_type=\"widget\" data-widget_type=\"button.default\">\n\t\t\t\t<div class=\"elementor-widget-container\">\n\t\t\t\t\t\t\t\t\t<div class=\"elementor-button-wrapper\">\n\t\t\t\t\t<a class=\"elementor-button elementor-button-link elementor-size-sm\" href=\"https:\/\/svitrigailosklinika.lt\/index.php\/paslaugos\/\">\n\t\t\t\t\t\t<span class=\"elementor-button-content-wrapper\">\n\t\t\t\t\t\t<span class=\"elementor-button-icon\">\n\t\t\t\t<svg aria-hidden=\"true\" class=\"e-font-icon-svg e-fas-arrow-left\" viewBox=\"0 0 448 512\" xmlns=\"http:\/\/www.w3.org\/2000\/svg\"><path d=\"M257.5 445.1l-22.2 22.2c-9.4 9.4-24.6 9.4-33.9 0L7 273c-9.4-9.4-9.4-24.6 0-33.9L201.4 44.7c9.4-9.4 24.6-9.4 33.9 0l22.2 22.2c9.5 9.5 9.3 25-.4 34.3L136.6 216H424c13.3 0 24 10.7 24 24v32c0 13.3-10.7 24-24 24H136.6l120.5 114.8c9.8 9.3 10 24.8.4 34.3z\"><\/path><\/svg>\t\t\t<\/span>\n\t\t\t\t\t\t\t\t\t<span class=\"elementor-button-text\">Gr\u012f\u017eti<\/span>\n\t\t\t\t\t<\/span>\n\t\t\t\t\t<\/a>\n\t\t\t\t<\/div>\n\t\t\t\t\t\t\t\t<\/div>\n\t\t\t\t<\/div>\n\t\t\t\t<div class=\"elementor-element elementor-element-5bcafec elementor-widget elementor-widget-heading\" data-id=\"5bcafec\" data-element_type=\"widget\" data-widget_type=\"heading.default\">\n\t\t\t\t<div class=\"elementor-widget-container\">\n\t\t\t\t\t<h2 class=\"elementor-heading-title elementor-size-default\">Skubi odontologo pagalba vis\u0105 par\u0105<\/h2>\t\t\t\t<\/div>\n\t\t\t\t<\/div>\n\t\t\t\t\t<\/div>\n\t\t\t\t<\/div>\n\t\t<div class=\"elementor-element elementor-element-1dced8f6 e-grid e-con-boxed e-con e-parent\" data-id=\"1dced8f6\" data-element_type=\"container\" data-settings=\"{&quot;background_background&quot;:&quot;gradient&quot;}\">\n\t\t\t\t\t<div class=\"e-con-inner\">\n\t\t\t\t<div class=\"elementor-element elementor-element-0b6bbfe elementor-widget elementor-widget-text-editor\" data-id=\"0b6bbfe\" data-element_type=\"widget\" data-widget_type=\"text-editor.default\">\n\t\t\t\t<div class=\"elementor-widget-container\">\n\t\t\t\t\t\t\t\t\t<h4>\u00a0<\/h4><p><strong>Budintis odontologas vis\u0105 par\u0105<\/strong> \u2013 tai odontologin\u0117 pagalba, teikiama <strong>24 valandas per par\u0105<\/strong>, 7 dienas per savait\u0119, \u0161ven\u010di\u0173 ir ne darbo dienomis. Paslauga skirta pacientams, patiriantiems \u016bmius dant\u0173, danten\u0173 ar burnos ertm\u0117s sutrikimus, kuriems reikalingas neatid\u0117liotinas gydymas bet kuriuo paros metu.<\/p><p><strong>Kada reikalinga budin\u010dio odontologo pagalba?<\/strong><\/p><ul><li>Staigus ir stiprus dant\u0173 skausmas, kuris trukdo miegoti ar atlikti kasdienes veiklas;<\/li><li>Dant\u0173 traumos, tokios kaip nuskilimas, l\u016b\u017eis ar visi\u0161kas danties netekimas;<\/li><li>Kraujuojan\u010dios dantenos ar p\u016bliniai, sukeliantys patinim\u0105 ir skausm\u0105;<\/li><li>\u016am\u016bs infekcijos po\u017eymiai, tokie kaip kar\u0161\u010diavimas, stiprus patinimas ar p\u016blingos i\u0161skyros;<\/li><li>Kitos staiga atsiradusios problemos, kurioms b\u016btinas skubus gydymas.<\/li><\/ul><p><strong>Teikiamos paslaugos apima:<\/strong><\/p><ul><li>Neatid\u0117liotinas danties i\u0161traukimas ar laikinas plombavimas;<\/li><li>Traum\u0173 ir l\u016b\u017ei\u0173 gydymas;<\/li><li>P\u016blini\u0173 \u0161alinimas ir u\u017edegim\u0173 kontrol\u0117;<\/li><li>Skausmo mal\u0161inimas ir laikinas dant\u0173 problem\u0173 sprendimas;<\/li><li>Skubi infekcij\u0173 diagnostika ir gydymas.<\/li><\/ul><p>M\u016bs\u0173 budintis odontologas vis\u0105 par\u0105 pasiruo\u0161\u0119s suteikti profesionali\u0105 ir greit\u0105 pagalb\u0105, kai to labiausiai reikia. Mes u\u017etikriname, kad j\u016bs\u0173 sveikata ir komfortas b\u016bt\u0173 m\u016bs\u0173 prioritetas bet kuriuo paros metu.<\/p>\t\t\t\t\t\t\t\t<\/div>\n\t\t\t\t<\/div>\n\t\t\t\t<div class=\"elementor-element elementor-element-5f947d6 elementor-widget elementor-widget-text-editor\" data-id=\"5f947d6\" data-element_type=\"widget\" data-widget_type=\"text-editor.default\">\n\t\t\t\t<div class=\"elementor-widget-container\">\n\t\t\t\t\t\t\t\t\t<p>* Klinikos ne darbo metu teikiama Budin\u010dio odontologo paslauga apmokestinama dvigubu tarifu taip pat taikomas atvykimo mokestis.\u00a0<\/p>\t\t\t\t\t\t\t\t<\/div>\n\t\t\t\t<\/div>\n\t\t\t\t<div class=\"elementor-element elementor-element-e19cbda elementor-widget elementor-widget-button\" data-id=\"e19cbda\" data-element_type=\"widget\" data-widget_type=\"button.default\">\n\t\t\t\t<div class=\"elementor-widget-container\">\n\t\t\t\t\t\t\t\t\t<div class=\"elementor-button-wrapper\">\n\t\t\t\t\t<a class=\"elementor-button elementor-button-link elementor-size-sm\" href=\"https:\/\/svitrigailosklinika.lt\/index.php\/kainos\/\">\n\t\t\t\t\t\t<span class=\"elementor-button-content-wrapper\">\n\t\t\t\t\t\t\t\t\t<span class=\"elementor-button-text\">KLINIKOS KAINOS<\/span>\n\t\t\t\t\t<\/span>\n\t\t\t\t\t<\/a>\n\t\t\t\t<\/div>\n\t\t\t\t\t\t\t\t<\/div>\n\t\t\t\t<\/div>\n\t\t\t\t<div class=\"elementor-element elementor-element-4b7501b elementor-widget-divider--view-line elementor-widget elementor-widget-divider\" data-id=\"4b7501b\" data-element_type=\"widget\" data-widget_type=\"divider.default\">\n\t\t\t\t<div class=\"elementor-widget-container\">\n\t\t\t\t\t\t\t<div class=\"elementor-divider\">\n\t\t\t<span class=\"elementor-divider-separator\">\n\t\t\t\t\t\t<\/span>\n\t\t<\/div>\n\t\t\t\t\t\t<\/div>\n\t\t\t\t<\/div>\n\t\t<div class=\"elementor-element elementor-element-51235f0 e-con-full e-grid e-con e-child\" data-id=\"51235f0\" data-element_type=\"container\" data-settings=\"{&quot;background_background&quot;:&quot;classic&quot;}\">\n\t\t\t\t<div class=\"elementor-element elementor-element-6e858da elementor-position-left elementor-widget__width-initial elementor-widget-tablet__width-inherit elementor-view-default elementor-mobile-position-top elementor-vertical-align-top elementor-widget elementor-widget-icon-box\" data-id=\"6e858da\" data-element_type=\"widget\" data-widget_type=\"icon-box.default\">\n\t\t\t\t<div class=\"elementor-widget-container\">\n\t\t\t\t\t\t\t<div class=\"elementor-icon-box-wrapper\">\n\n\t\t\t\t\t\t<div class=\"elementor-icon-box-icon\">\n\t\t\t\t<span  class=\"elementor-icon\">\n\t\t\t\t<svg aria-hidden=\"true\" class=\"e-font-icon-svg e-fas-clock\" viewBox=\"0 0 512 512\" xmlns=\"http:\/\/www.w3.org\/2000\/svg\"><path d=\"M256,8C119,8,8,119,8,256S119,504,256,504,504,393,504,256,393,8,256,8Zm92.49,313h0l-20,25a16,16,0,0,1-22.49,2.5h0l-67-49.72a40,40,0,0,1-15-31.23V112a16,16,0,0,1,16-16h32a16,16,0,0,1,16,16V256l58,42.5A16,16,0,0,1,348.49,321Z\"><\/path><\/svg>\t\t\t\t<\/span>\n\t\t\t<\/div>\n\t\t\t\n\t\t\t\t\t\t<div class=\"elementor-icon-box-content\">\n\n\t\t\t\t\t\t\t\t\t<h6 class=\"elementor-icon-box-title\">\n\t\t\t\t\t\t<span  >\n\t\t\t\t\t\t\tBudintis odontologas\t\t\t\t\t\t<\/span>\n\t\t\t\t\t<\/h6>\n\t\t\t\t\n\t\t\t\t\t\t\t\t\t<p class=\"elementor-icon-box-description\">\n\t\t\t\t\t\tI-V 20:00 - 08:00<br>VI-VII 00:00 - 24:00 vis\u0105 par\u0105<br>Ne darbo ir \u0161ven\u010di\u0173 dienomis\n<br>\n<br>B\u016aTINA I\u0160ANKSTIN\u0116 REGISTRACIJA\t\t\t\t\t<\/p>\n\t\t\t\t\n\t\t\t<\/div>\n\t\t\t\n\t\t<\/div>\n\t\t\t\t\t\t<\/div>\n\t\t\t\t<\/div>\n\t\t\t\t<div class=\"elementor-element elementor-element-45e1d9d elementor-position-left elementor-widget__width-initial elementor-widget-mobile__width-initial elementor-view-default elementor-mobile-position-top elementor-vertical-align-top elementor-widget elementor-widget-icon-box\" data-id=\"45e1d9d\" data-element_type=\"widget\" data-widget_type=\"icon-box.default\">\n\t\t\t\t<div class=\"elementor-widget-container\">\n\t\t\t\t\t\t\t<div class=\"elementor-icon-box-wrapper\">\n\n\t\t\t\t\t\t<div class=\"elementor-icon-box-icon\">\n\t\t\t\t<span  class=\"elementor-icon\">\n\t\t\t\t<svg aria-hidden=\"true\" class=\"e-font-icon-svg e-fas-map-marker-alt\" viewBox=\"0 0 384 512\" xmlns=\"http:\/\/www.w3.org\/2000\/svg\"><path d=\"M172.268 501.67C26.97 291.031 0 269.413 0 192 0 85.961 85.961 0 192 0s192 85.961 192 192c0 77.413-26.97 99.031-172.268 309.67-9.535 13.774-29.93 13.773-39.464 0zM192 272c44.183 0 80-35.817 80-80s-35.817-80-80-80-80 35.817-80 80 35.817 80 80 80z\"><\/path><\/svg>\t\t\t\t<\/span>\n\t\t\t<\/div>\n\t\t\t\n\t\t\t\t\t\t<div class=\"elementor-icon-box-content\">\n\n\t\t\t\t\t\t\t\t\t<h4 class=\"elementor-icon-box-title\">\n\t\t\t\t\t\t<span  >\n\t\t\t\t\t\t\tAdresas\t\t\t\t\t\t<\/span>\n\t\t\t\t\t<\/h4>\n\t\t\t\t\n\t\t\t\t\t\t\t\t\t<p class=\"elementor-icon-box-description\">\n\t\t\t\t\t\t\u0160vitrigailos g. 7-221, Vilnius<br>2 \u012f\u0117jimas (2 auk\u0161tas)\t\t\t\t\t<\/p>\n\t\t\t\t\n\t\t\t<\/div>\n\t\t\t\n\t\t<\/div>\n\t\t\t\t\t\t<\/div>\n\t\t\t\t<\/div>\n\t\t\t\t<div class=\"elementor-element elementor-element-419106e elementor-position-left elementor-widget__width-initial elementor-widget-mobile__width-initial elementor-view-default elementor-mobile-position-top elementor-vertical-align-top elementor-widget elementor-widget-icon-box\" data-id=\"419106e\" data-element_type=\"widget\" data-widget_type=\"icon-box.default\">\n\t\t\t\t<div class=\"elementor-widget-container\">\n\t\t\t\t\t\t\t<div class=\"elementor-icon-box-wrapper\">\n\n\t\t\t\t\t\t<div class=\"elementor-icon-box-icon\">\n\t\t\t\t<span  class=\"elementor-icon\">\n\t\t\t\t<svg aria-hidden=\"true\" class=\"e-font-icon-svg e-fas-phone-alt\" viewBox=\"0 0 512 512\" xmlns=\"http:\/\/www.w3.org\/2000\/svg\"><path d=\"M497.39 361.8l-112-48a24 24 0 0 0-28 6.9l-49.6 60.6A370.66 370.66 0 0 1 130.6 204.11l60.6-49.6a23.94 23.94 0 0 0 6.9-28l-48-112A24.16 24.16 0 0 0 122.6.61l-104 24A24 24 0 0 0 0 48c0 256.5 207.9 464 464 464a24 24 0 0 0 23.4-18.6l24-104a24.29 24.29 0 0 0-14.01-27.6z\"><\/path><\/svg>\t\t\t\t<\/span>\n\t\t\t<\/div>\n\t\t\t\n\t\t\t\t\t\t<div class=\"elementor-icon-box-content\">\n\n\t\t\t\t\t\t\t\t\t<h4 class=\"elementor-icon-box-title\">\n\t\t\t\t\t\t<span  >\n\t\t\t\t\t\t\tTEL.NR.\t\t\t\t\t\t<\/span>\n\t\t\t\t\t<\/h4>\n\t\t\t\t\n\t\t\t\t\t\t\t\t\t<p class=\"elementor-icon-box-description\">\n\t\t\t\t\t\t+370 607 78967\t\t\t\t\t<\/p>\n\t\t\t\t\n\t\t\t<\/div>\n\t\t\t\n\t\t<\/div>\n\t\t\t\t\t\t<\/div>\n\t\t\t\t<\/div>\n\t\t\t\t<\/div>\n\t\t\t\t\t<\/div>\n\t\t\t\t<\/div>\n\t\t\t\t<\/div>\n\t\t","protected":false},"excerpt":{"rendered":"<p>BUDINTIS ODONTOLOGAS VILNIUJE Gr\u012f\u017eti Skubi odontologo pagalba vis\u0105 par\u0105 \u00a0 Budintis odontologas vis\u0105 par\u0105 \u2013 tai odontologin\u0117 pagalba, teikiama 24 valandas per par\u0105, 7 dienas per savait\u0119, \u0161ven\u010di\u0173 ir ne darbo dienomis. Paslauga skirta pacientams, patiriantiems \u016bmius dant\u0173, danten\u0173 ar burnos ertm\u0117s sutrikimus, kuriems reikalingas neatid\u0117liotinas gydymas bet kuriuo paros metu. Kada reikalinga budin\u010dio odontologo [&hellip;]<\/p>\n","protected":false},"author":1,"featured_media":0,"parent":0,"menu_order":0,"comment_status":"closed","ping_status":"closed","template":"","meta":{"site-sidebar-layout":"no-sidebar","site-content-layout":"page-builder","ast-site-content-layout":"default","site-content-style":"default","site-sidebar-style":"default","ast-global-header-display":"","ast-banner-title-visibility":"","ast-main-header-display":"","ast-hfb-above-header-display":"","ast-hfb-below-header-display":"","ast-hfb-mobile-header-display":"","site-post-title":"disabled","ast-breadcrumbs-content":"disabled","ast-featured-img":"disabled","footer-sml-layout":"","ast-disable-related-posts":"","theme-transparent-header-meta":"enabled","adv-header-id-meta":"","stick-header-meta":"","header-above-stick-meta":"","header-main-stick-meta":"","header-below-stick-meta":"","astra-migrate-meta-layouts":"default","ast-page-background-enabled":"default","ast-page-background-meta":{"desktop":{"background-color":"var(--ast-global-color-4)","background-image":"","background-repeat":"repeat","background-position":"center center","background-size":"auto","background-attachment":"scroll","background-type":"","background-media":"","overlay-type":"","overlay-color":"","overlay-opacity":"","overlay-gradient":""},"tablet":{"background-color":"","background-image":"","background-repeat":"repeat","background-position":"center center","background-size":"auto","background-attachment":"scroll","background-type":"","background-media":"","overlay-type":"","overlay-color":"","overlay-opacity":"","overlay-gradient":""},"mobile":{"background-color":"","background-image":"","background-repeat":"repeat","background-position":"center center","background-size":"auto","background-attachment":"scroll","background-type":"","background-media":"","overlay-type":"","overlay-color":"","overlay-opacity":"","overlay-gradient":""}},"ast-content-background-meta":{"desktop":{"background-color":"var(--ast-global-color-5)","background-image":"","background-repeat":"repeat","background-position":"center center","background-size":"auto","background-attachment":"scroll","background-type":"","background-media":"","overlay-type":"","overlay-color":"","overlay-opacity":"","overlay-gradient":""},"tablet":{"background-color":"var(--ast-global-color-5)","background-image":"","background-repeat":"repeat","background-position":"center center","background-size":"auto","background-attachment":"scroll","background-type":"","background-media":"","overlay-type":"","overlay-color":"","overlay-opacity":"","overlay-gradient":""},"mobile":{"background-color":"var(--ast-global-color-5)","background-image":"","background-repeat":"repeat","background-position":"center center","background-size":"auto","background-attachment":"scroll","background-type":"","background-media":"","overlay-type":"","overlay-color":"","overlay-opacity":"","overlay-gradient":""}},"footnotes":""},"yoast_head":"<!-- This site is optimized with the Yoast SEO plugin v23.5 - https:\/\/yoast.com\/wordpress\/plugins\/seo\/ -->\n<title>Budintis odontologas Vilniuje - svitrigailosklinika<\/title>\n<meta name=\"robots\" content=\"index, follow, max-snippet:-1, max-image-preview:large, max-video-preview:-1\" \/>\n<link rel=\"canonical\" href=\"https:\/\/svitrigailosklinika.lt\/index.php\/budintis-odontologas-vilniuje\/\" \/>\n<meta property=\"og:locale\" content=\"en_US\" \/>\n<meta property=\"og:type\" content=\"article\" \/>\n<meta property=\"og:title\" content=\"Budintis odontologas Vilniuje - svitrigailosklinika\" \/>\n<meta property=\"og:description\" content=\"BUDINTIS ODONTOLOGAS VILNIUJE Gr\u012f\u017eti Skubi odontologo pagalba vis\u0105 par\u0105 \u00a0 Budintis odontologas vis\u0105 par\u0105 \u2013 tai odontologin\u0117 pagalba, teikiama 24 valandas per par\u0105, 7 dienas per savait\u0119, \u0161ven\u010di\u0173 ir ne darbo dienomis. Paslauga skirta pacientams, patiriantiems \u016bmius dant\u0173, danten\u0173 ar burnos ertm\u0117s sutrikimus, kuriems reikalingas neatid\u0117liotinas gydymas bet kuriuo paros metu. Kada reikalinga budin\u010dio odontologo [&hellip;]\" \/>\n<meta property=\"og:url\" content=\"https:\/\/svitrigailosklinika.lt\/index.php\/budintis-odontologas-vilniuje\/\" \/>\n<meta property=\"og:site_name\" content=\"svitrigailosklinika\" \/>\n<meta property=\"article:publisher\" content=\"https:\/\/www.facebook.com\/svitrigailosklinika\" \/>\n<meta property=\"article:modified_time\" content=\"2024-10-18T15:25:07+00:00\" \/>\n<meta name=\"twitter:card\" content=\"summary_large_image\" \/>\n<meta name=\"twitter:label1\" content=\"Est. reading time\" \/>\n\t<meta name=\"twitter:data1\" content=\"1 minute\" \/>\n<script type=\"application\/ld+json\" class=\"yoast-schema-graph\">{\"@context\":\"https:\/\/schema.org\",\"@graph\":[{\"@type\":\"WebPage\",\"@id\":\"https:\/\/svitrigailosklinika.lt\/index.php\/budintis-odontologas-vilniuje\/\",\"url\":\"https:\/\/svitrigailosklinika.lt\/index.php\/budintis-odontologas-vilniuje\/\",\"name\":\"Budintis odontologas Vilniuje - svitrigailosklinika\",\"isPartOf\":{\"@id\":\"https:\/\/svitrigailosklinika.lt\/#website\"},\"datePublished\":\"2024-10-17T09:34:37+00:00\",\"dateModified\":\"2024-10-18T15:25:07+00:00\",\"breadcrumb\":{\"@id\":\"https:\/\/svitrigailosklinika.lt\/index.php\/budintis-odontologas-vilniuje\/#breadcrumb\"},\"inLanguage\":\"en-US\",\"potentialAction\":[{\"@type\":\"ReadAction\",\"target\":[\"https:\/\/svitrigailosklinika.lt\/index.php\/budintis-odontologas-vilniuje\/\"]}]},{\"@type\":\"BreadcrumbList\",\"@id\":\"https:\/\/svitrigailosklinika.lt\/index.php\/budintis-odontologas-vilniuje\/#breadcrumb\",\"itemListElement\":[{\"@type\":\"ListItem\",\"position\":1,\"name\":\"Home\",\"item\":\"https:\/\/svitrigailosklinika.lt\/\"},{\"@type\":\"ListItem\",\"position\":2,\"name\":\"Budintis odontologas Vilniuje\"}]},{\"@type\":\"WebSite\",\"@id\":\"https:\/\/svitrigailosklinika.lt\/#website\",\"url\":\"https:\/\/svitrigailosklinika.lt\/\",\"name\":\"svitrigailosklinika\",\"description\":\"Just another WordPress site\",\"publisher\":{\"@id\":\"https:\/\/svitrigailosklinika.lt\/#organization\"},\"potentialAction\":[{\"@type\":\"SearchAction\",\"target\":{\"@type\":\"EntryPoint\",\"urlTemplate\":\"https:\/\/svitrigailosklinika.lt\/?s={search_term_string}\"},\"query-input\":{\"@type\":\"PropertyValueSpecification\",\"valueRequired\":true,\"valueName\":\"search_term_string\"}}],\"inLanguage\":\"en-US\"},{\"@type\":\"Organization\",\"@id\":\"https:\/\/svitrigailosklinika.lt\/#organization\",\"name\":\"svitrigailosklinika\",\"url\":\"https:\/\/svitrigailosklinika.lt\/\",\"logo\":{\"@type\":\"ImageObject\",\"inLanguage\":\"en-US\",\"@id\":\"https:\/\/svitrigailosklinika.lt\/#\/schema\/logo\/image\/\",\"url\":\"https:\/\/svitrigailosklinika.lt\/wp-content\/uploads\/2023\/12\/logo2-baltas-befono.png\",\"contentUrl\":\"https:\/\/svitrigailosklinika.lt\/wp-content\/uploads\/2023\/12\/logo2-baltas-befono.png\",\"width\":1646,\"height\":500,\"caption\":\"svitrigailosklinika\"},\"image\":{\"@id\":\"https:\/\/svitrigailosklinika.lt\/#\/schema\/logo\/image\/\"},\"sameAs\":[\"https:\/\/www.facebook.com\/svitrigailosklinika\"]}]}<\/script>\n<!-- \/ Yoast SEO plugin. -->","yoast_head_json":{"title":"Budintis odontologas Vilniuje - svitrigailosklinika","robots":{"index":"index","follow":"follow","max-snippet":"max-snippet:-1","max-image-preview":"max-image-preview:large","max-video-preview":"max-video-preview:-1"},"canonical":"https:\/\/svitrigailosklinika.lt\/index.php\/budintis-odontologas-vilniuje\/","og_locale":"en_US","og_type":"article","og_title":"Budintis odontologas Vilniuje - svitrigailosklinika","og_description":"BUDINTIS ODONTOLOGAS VILNIUJE Gr\u012f\u017eti Skubi odontologo pagalba vis\u0105 par\u0105 \u00a0 Budintis odontologas vis\u0105 par\u0105 \u2013 tai odontologin\u0117 pagalba, teikiama 24 valandas per par\u0105, 7 dienas per savait\u0119, \u0161ven\u010di\u0173 ir ne darbo dienomis. Paslauga skirta pacientams, patiriantiems \u016bmius dant\u0173, danten\u0173 ar burnos ertm\u0117s sutrikimus, kuriems reikalingas neatid\u0117liotinas gydymas bet kuriuo paros metu. Kada reikalinga budin\u010dio odontologo [&hellip;]","og_url":"https:\/\/svitrigailosklinika.lt\/index.php\/budintis-odontologas-vilniuje\/","og_site_name":"svitrigailosklinika","article_publisher":"https:\/\/www.facebook.com\/svitrigailosklinika","article_modified_time":"2024-10-18T15:25:07+00:00","twitter_card":"summary_large_image","twitter_misc":{"Est. reading time":"1 minute"},"schema":{"@context":"https:\/\/schema.org","@graph":[{"@type":"WebPage","@id":"https:\/\/svitrigailosklinika.lt\/index.php\/budintis-odontologas-vilniuje\/","url":"https:\/\/svitrigailosklinika.lt\/index.php\/budintis-odontologas-vilniuje\/","name":"Budintis odontologas Vilniuje - svitrigailosklinika","isPartOf":{"@id":"https:\/\/svitrigailosklinika.lt\/#website"},"datePublished":"2024-10-17T09:34:37+00:00","dateModified":"2024-10-18T15:25:07+00:00","breadcrumb":{"@id":"https:\/\/svitrigailosklinika.lt\/index.php\/budintis-odontologas-vilniuje\/#breadcrumb"},"inLanguage":"en-US","potentialAction":[{"@type":"ReadAction","target":["https:\/\/svitrigailosklinika.lt\/index.php\/budintis-odontologas-vilniuje\/"]}]},{"@type":"BreadcrumbList","@id":"https:\/\/svitrigailosklinika.lt\/index.php\/budintis-odontologas-vilniuje\/#breadcrumb","itemListElement":[{"@type":"ListItem","position":1,"name":"Home","item":"https:\/\/svitrigailosklinika.lt\/"},{"@type":"ListItem","position":2,"name":"Budintis odontologas Vilniuje"}]},{"@type":"WebSite","@id":"https:\/\/svitrigailosklinika.lt\/#website","url":"https:\/\/svitrigailosklinika.lt\/","name":"svitrigailosklinika","description":"Just another WordPress site","publisher":{"@id":"https:\/\/svitrigailosklinika.lt\/#organization"},"potentialAction":[{"@type":"SearchAction","target":{"@type":"EntryPoint","urlTemplate":"https:\/\/svitrigailosklinika.lt\/?s={search_term_string}"},"query-input":{"@type":"PropertyValueSpecification","valueRequired":true,"valueName":"search_term_string"}}],"inLanguage":"en-US"},{"@type":"Organization","@id":"https:\/\/svitrigailosklinika.lt\/#organization","name":"svitrigailosklinika","url":"https:\/\/svitrigailosklinika.lt\/","logo":{"@type":"ImageObject","inLanguage":"en-US","@id":"https:\/\/svitrigailosklinika.lt\/#\/schema\/logo\/image\/","url":"https:\/\/svitrigailosklinika.lt\/wp-content\/uploads\/2023\/12\/logo2-baltas-befono.png","contentUrl":"https:\/\/svitrigailosklinika.lt\/wp-content\/uploads\/2023\/12\/logo2-baltas-befono.png","width":1646,"height":500,"caption":"svitrigailosklinika"},"image":{"@id":"https:\/\/svitrigailosklinika.lt\/#\/schema\/logo\/image\/"},"sameAs":["https:\/\/www.facebook.com\/svitrigailosklinika"]}]}},"_links":{"self":[{"href":"https:\/\/svitrigailosklinika.lt\/index.php\/wp-json\/wp\/v2\/pages\/1897"}],"collection":[{"href":"https:\/\/svitrigailosklinika.lt\/index.php\/wp-json\/wp\/v2\/pages"}],"about":[{"href":"https:\/\/svitrigailosklinika.lt\/index.php\/wp-json\/wp\/v2\/types\/page"}],"author":[{"embeddable":true,"href":"https:\/\/svitrigailosklinika.lt\/index.php\/wp-json\/wp\/v2\/users\/1"}],"replies":[{"embeddable":true,"href":"https:\/\/svitrigailosklinika.lt\/index.php\/wp-json\/wp\/v2\/comments?post=1897"}],"version-history":[{"count":17,"href":"https:\/\/svitrigailosklinika.lt\/index.php\/wp-json\/wp\/v2\/pages\/1897\/revisions"}],"predecessor-version":[{"id":1988,"href":"https:\/\/svitrigailosklinika.lt\/index.php\/wp-json\/wp\/v2\/pages\/1897\/revisions\/1988"}],"wp:attachment":[{"href":"https:\/\/svitrigailosklinika.lt\/index.php\/wp-json\/wp\/v2\/media?parent=1897"}],"curies":[{"name":"wp","href":"https:\/\/api.w.org\/{rel}","templated":true}]}}